t of 1090713?
7
What is the ten thousands digit of 1972340?
7
What is the thousands digit of 185939?
5
What is the ten millions digit of 11035352?
1
What is the hundred thousands digit of 372093?
3
What is the units digit of 235482?
2
What is the hundreds digit of 1031450?
4
What is the ten thousands digit of 1574749?
7
What is the hundred thousands digit of 13076110?
0
What is the units digit of 4038955?
5
What is the units digit of 3203559?
9
What is the thousands digit of 4567535?
7
What is the units digit of 469133?
3
What is the units digit of 3750156?
6
What is the tens digit of 1530777?
7
What is the units digit of 8571870?
0
What is the tens digit of 2692742?
4
What is the units digit of 1382725?
5
What is the hundreds digit of 24205107?
1
What is the hundreds digit of 23125726?
7
What is the millions digit of 3566355?
3
What is the ten thousands digit of 998054?
9
What is the ten thousands digit of 9006488?
0
What is the hundred thousands digit of 2629137?
6
What is the hundreds digit of 7675961?
9
What is the hundred thousands digit of 416207?
4
What is the ten thousands digit of 20663901?
6
What is the units digit of 210933?
3
What is the hundreds digit of 21267840?
8
What is the hundreds digit of 14256795?
7
What is the ten thousands digit of 19740003?
4
What is the hundred thousands digit of 116895?
1
What is the hundreds digit of 523478?
4
What is the hundreds digit of 32159?
1
What is the tens digit of 29645149?
4
What is the millions digit of 15613892?
5
What is the thousands digit of 1384720?
4
What is the units digit of 25284?
4
What is the hundred thousands digit of 9906948?
9
What is the thousands digit of 421426?
1
What is the units digit of 758381?
1
What is the ten thousands digit of 75203?
7
What is the tens digit of 14251789?
8
What is the thousands digit of 474661?
4
What is the tens digit of 2020473?
7
What is the thousands digit of 137392?
7
What is the hundred thousands digit of 1009468?
0
What is the hundred thousands digit of 9692090?
6
What is the tens digit of 179746?
4
What is the units digit of 30833?
3
What is the units digit of 2951586?
6
What is the tens digit of 427893?
9
What is the thousands digit of 62121?
2
What is the hundred thousands digit of 18982048?
9
What is the thousands digit of 19672193?
2
What is the hundreds digit of 165121?
1
What is the ten thousands digit of 170614?
7
What is the tens digit of 1473768?
6
What is the ten thousands digit of 17888497?
8
What is the millions digit of 3811124?
3
What is the hundred thousands digit of 36163707?
1
What is the tens digit of 231215?
1
What is the units digit of 8751156?
6
What is the tens digit of 23375118?
1
What is the tens digit of 155173?
7
What is the ten thousands digit of 916232?
1
What is the thousands digit of 24793617?
3
What is the ten thousands digit of 110612?
1
What is the units digit of 1120134?
4
What is the hundred thousands digit of 476925?
4
What is the hundreds digit of 567100?
1
What is the hundreds digit of 12177122?
1
What is the hundreds digit of 7421140?
1
What is the units digit of 488072?
2
What is the ten thousands digit of 2850614?
5
What is the hundreds digit of 689407?
4
What is the tens digit of 7652295?
9
What is the ten millions digit of 22620011?
2
What is the ten thousands digit of 340153?
4
What is the tens digit of 194177?
7
What is the units digit of 271404?
4
What is the hundred thousands digit of 543738?
5
What is the hundred thousands digit of 6141977?
1
What is the units digit of 474692?
2
What is the hundred thousands digit of 26337391?
3
What is the ten thousands digit of 415323?
1
What is the units digit of 501873?
3
What is the tens digit of 4880926?
2
What is the hundreds digit of 19968078?
0
What is the hundreds digit of 143443?
4
What is the hundreds digit of 2570735?
7
What is the thousands digit of 5284275?
4
What is the hundred thousands digit of 2396117?
3
What is the millions digit of 6769596?
6
What is the ten thousands digit of 211683?
1
What is the units digit of 2636426?
6
What is the hundred thousands digit of 2629712?
6
What is the hundreds digit of 3492042?
0
What is the units digit of 1805926?
6
What is the ten thousands digit of 52927?
5
What is the ten thousands digit of 3041491?
4
What is the units digit of 43333?
3
What is the tens digit of 1300281?
8
What is the thousands digit of 9458598?
8
What is the units digit of 8787698?
8
What is the hundreds digit of 441133?
1
What is the millions digit of 2084009?
2
What is the ten thousands digit of 679396?
7
What is the hundreds digit of 932050?
0
What is the units digit of 21891686?
6
What is the tens digit of 67200?
0
What is the units digit of 337232?
2
What is the hundreds digit of 3117214?
2
What is the tens digit of 254726?
2
What is the tens digit of 13816449?
4
What is the tens digit of 10824185?
8
What is the millions digit of 1237128?
1
What is the hundred thousands digit of 2178829?
1
What is the hundreds digit of 1519821?
8
What is the ten thousands digit of 9981390?
8
What is the units digit of 2760339?
9
What is the hundreds digit of 2033148?
1
What is the ten thousands digit of 43395752?
9
What is the ten thousands digit of 124179?
2
What is the ten thousands digit of 859633?
5
What is the hundreds digit of 1198298?
2
What is the tens digit of 881357?
5
What is the hundreds digit of 486671?
6
What is the units digit of 2139836?
6
What is the hundreds digit of 862778?
7
What is the units digit of 1106926?
6
What is the thousands digit of 660097?
0
What is the thousands digit of 5625754?
5
What is the ten thousands digit of 266437?
6
What is the units digit of 6291828?
8
What is the hundreds digit of 686879?
8
What is the units digit of 5263831?
1
What is the hundreds digit of 260660?
6
What is the hundreds digit of 186862?
8
What is the tens digit of 6051045?
4
What is the tens digit of 13515712?
1
What is the ten thousands digit of 451589?
5
What is the millions digit of 3904936?
3
What is the ten thousands digit of 1449092?
4
What is the thousands digit of 11665232?
5
What is the ten thousands digit of 257117?
5
What is the units digit of 3589734?
4
What is the thousands digit of 4173720?
3
What is the ten millions digit of 14517433?
1
What is the units digit of 318015?
5
What is the millions digit of 2105196?
2
What is the units digit of 1904808?
8
What is the hundreds digit of 12517479?
4
What is the ten thousands digit of 702302?
0
What is the tens digit of 4061391?
9
What is the millions digit of 20447823?
0
What is the hundred thousands digit of 21547739?
5
What is the hundreds digit of 11978898?
8
What is the hundreds digit of 292038?
0
What is the thousands digit of 8874329?
4
What is the tens digit of 6527197?
9
What is the thousands digit of 674528?
4
What is the units digit of 227407?
7
What is the ten thousands digit of 10491061?
9
What is the units digit of 23213202?
2
What is the tens digit of 255753?
5
What is the ten thousands digit of 589993?
8
What is the ten thousands digit of 887609?
8
What is the hundreds digit of 7924887?
8
What is the units digit of 577132?
2
What is the millions digit of 2884016?
2
What is the tens digit of 1319076?
7
What is the thousands digit of 11551004?
1
What is the units digit of 271988?
8
What is the tens digit of 1039615?
1
What is the tens digit of 3718528?
2
What is the ten thousands digit of 72640?
7
What is the ten thousands digit of 54575?
5
What is the ten thousands digit of 1534357?
3
What is the tens digit of 89247?
4
What is the hundreds digit of 3115864?
8
What is the hundred thousands digit of 138155?
1
What is the millions digit of 2402760?
2
What is the millions digit of 1263721?
1
What is the units digit of 944074?
4
What is the hundreds digit of 19987570?
5
What is the thousands digit of 62881?
2
What is the hundreds digit of 8838828?
8
What is the units digit of 21977575?
5
What is the ten thousands digit of 71542?
7
What is the hundreds digit of 21884419?
4
What is the hundred thousands digit of 1218148?
2
What is the thousands digit of 35535?
5
What is the tens digit of 30499466?
6
What is the hundreds digit of 3055389?
3
What is the thousands digit of 1676682?
6
What is the hundreds digit of 1541?
5
What is the ten thousands digit of 566147?
6
Wha